37
Let f(r) = -7*r**2 - 16*r - 2. Let l be f(-2). What are the prime factors of 1*136/(3/6*l)?
2, 17
Let c(d) = 3756*d - 566. What are the prime factors of c(7)?
2, 19, 677
Suppose -4*i + 8*i - 2*n = 13220, 0 = -5*n + 10. What are the prime factors of i?
2, 3, 19, 29
What are the prime factors of 2/(-3 - 41996/(-13996))?
3499
Suppose -331161 - 339943 = -128*g. List the prime factors of g.
7, 107
Let a = -8974 - -15721. List the prime factors of a.
3, 13, 173
Let o(d) = -3*d**3 - 16*d**2 - 20*d + 104. What are the prime factors of o(-16)?
2, 3, 359
Suppose -c - 3*c = -2*x - 282, -3*x + 198 = 3*c. Let g = c + 78. Let z = 228 - g. What are the prime factors of z?
3
Let w = 53881 + -13748. List the prime factors of w.
67, 599
Suppose 31242 = -670*f + 676*f. Suppose f = 5*k + 4*m, 0*k + m = 2*k - 2075. List the prime factors of k.
1039
Let x(n) = 5*n - 35. Let k be x(11). Let m(q) = 67*q - 147. List the prime factors of m(k).
1193
Let k = -225 - -761. Let m = k + -232. List the prime factors of m.
2, 19
Suppose -3*j + 2*p + 568 + 667 = 0, -j = 2*p - 417. Let o = 246 + j. List the prime factors of o.
659
Suppose 6*l - 5*j = 32736 + 63217, -4*j = l - 15997. What are the prime factors of l?
3, 1777
Let n = -10744 - -18542. List the prime factors of n.
2, 7, 557
Let t(o) = 21*o**3 + 19*o - 23. List the prime factors of t(7).
71, 103
Let o be 6 + 78/(-12) + 3266/4. Suppose -1074 - o = -6*j. List the prime factors of j.
3, 5, 7
List the prime factors of 1838 - 0 - 0 - (-102 + 100).
2, 5, 23
Suppose 0 = -g + 4*n + 114, 2*g - 3*g = -3*n - 114. Suppose g = p + a - 6*a, 2*p - 206 = -a. Suppose -13*x + p = -2470. List the prime factors of x.
2, 3, 11
Suppose 109*a - 89*a - 51313 = 181367. What are the prime factors of a?
2, 3, 7, 277
Let r(n) = 11*n**3 + 17*n**2 - 46*n - 15. List the prime factors of r(8).
6337
Let k(i) = -i**3 + 79*i**2 - 71*i + 153. List the prime factors of k(77).
2, 409
Let w = 4367 - 3110. What are the prime factors of w?
3, 419
Let l(t) = 174*t**2 + 288*t - 59. List the prime factors of l(-13).
25603
Suppose 0 = 5*g - 4*y - 53668 - 759, 0 = g - 8*y - 10835. What are the prime factors of g?
10891
Let h be (-5 - -1)*((-15)/5)/(-12). Let x be (-6)/(-4) + h/(10/15). List the prime factors of (-1 + 2)*3 + 182 + x.
5, 37
Let i(h) = 159*h**2 - 7*h - 124. Let r be i(-9). Suppose -9*b = 686 - r. List the prime factors of b.
2, 337
Let x(s) be the first derivative of -s**4/4 - 8*s**3/3 + 7*s**2 - 3*s - 39. Suppose v = z - 8, -1 - 1 = z. List the prime factors of x(v).
3, 19
Let j(g) = -g**2 - g - 1. Let y(h) = 9*h**2 + 5*h - 3. Let k(w) = 4*j(w) + y(w). Let n be k(-3). Suppose n = r - 18. What are the prime factors of r?
53
Let n = -351 + 384. Suppose 5*l + 34*y = n*y + 3616, -4*l = -5*y - 2887. List the prime factors of l.
3, 241
Let r = -571 - -968. Suppose -4*z + 67 = -r. Let x = 164 - z. What are the prime factors of x?
2, 3
Let w(g) = 6*g**2 - g**3 + 6*g - 1 + 0*g + 3. Suppose 0 = 102*u - 14*u - 56*u - 192. What are the prime factors of w(u)?
2, 19
Suppose -49*x - 3 = -50*x, -4*x - 20529 = -j. What are the prime factors of j?
3, 41, 167
List the prime factors of ((-394)/8)/(-1 + 8 + (-1599)/228).
19, 197
Let q be (-3)/(-2)*(-1436)/(-3). Suppose -5*c + m = -2351, -3*c - 6*m = -2*m - 1429. Let n = q - c. List the prime factors of n.
13, 19
Let i(v) = -3*v**3 + 2*v**2 - v - 3. Let u be i(-1). Suppose -3*a + 0 = -u, -2*k + 2*a + 168 = 0. Let f = -46 + k. List the prime factors of f.
3, 13
Suppose 0 = -18*i - 13*i + 248. What are the prime factors of ((-43)/172 + 22/i)*420?
2, 3, 5, 7
List the prime factors of ((-867)/(-5))/((-774)/(-110940)).
2, 17, 43
Let s(z) = 43*z**3 + z**2 - 3*z + 2. Let k be (-3 - -3) + -4 + 1 - -4. List the prime factors of s(k).
43
Let h be 24 + (7 - 7 - 5). Let x(y) = 7*y - 95. What are the prime factors of x(h)?
2, 19
Suppose 5*y - 67*r - 37011 = -69*r, -3*y - 3*r + 22194 = 0. What are the prime factors of y?
5, 1481
Let a be 6/(-3) + 0 + 1663. Suppose 0 = 4*f + s - a, 998 - 165 = 2*f + s. Suppose 3*x = 9*x - f. List the prime factors of x.
3, 23
Let q be -2 + 4/(-4) + 8. Suppose 4 = q*h + 34. What are the prime factors of ((-2)/h)/(5/(-11640)*-4)?
2, 97
Let u = -49 - 203. Let c = 1010 + u. What are the prime factors of c?
2, 379
Let g(f) = 5*f + 27. Let n = 62 + -67. Let u be g(n). List the prime factors of (u + -2 + -1)/((-3)/219).
73
Suppose 0 = -s + h + 1105, -2*s + 5*h = 2*h - 2211. What are the prime factors of s?
2, 3, 23
Suppose -132*j = -22*j - 224510. List the prime factors of j.
13, 157
Let p = 45 + -27. Let x be 184/p - (-2 - 100/(-45)). Suppose 910 = x*k - 5*k. What are the prime factors of k?
2, 7, 13
Let g be 0 + -7 + -1823 + -7. Let r = -1041 - g. What are the prime factors of r?
2, 199
Let l = 3219 + -1954. Suppose 0 = -7*i + 1255 + l. List the prime factors of i.
2, 3, 5
Suppose 0 = -3*n - 5*a + 245, 3*n - 3*a - 249 = -6*a. Let t = -11 + n. List the prime factors of t.
2, 37
Let r be ((-3)/(-6))/(4*(-1)/(-432)). Let z be ((-1312)/(-24))/((-2)/r). What are the prime factors of z/(-30) - 3/15?
7
Let r(m) = -1894*m**3 - 3*m**2 - 3*m - 2. List the prime factors of r(-1).
2, 11, 43
Let j(m) = 461*m**2 + 3*m + 5. What are the prime factors of j(4)?
7393
Let v be (4 + 9/(-3))*(1 - -2). Suppose 0 = 10*y - 5*y - 4*j - 1306, 0 = -v*y - j + 787. What are the prime factors of y?
2, 131
Suppose -4*y + 84261 = 3*k + 15081, 0 = 5*k + 2*y - 115272. List the prime factors of k.
2, 3, 17, 113
List the prime factors of (18*(-5)/(-60))/((-27)/(-368352)).
2, 1279
Suppose 3*d - 2073 = -2*v, 0 = 3*d - 0 + 3. Let j = v + -105. What are the prime factors of j?
3, 311
What are the prime factors of 278 + -294 + 7452 + 0?
2, 11, 13
Let j be (-10)/3*36*15/(-2). Suppose j = 18*w - 16*w. List the prime factors of w.
2, 3, 5
Let r(x) = -x**2 - 12*x - 32. Let g be r(-5). Let u be (-54)/g*-2*(-3)/12. Let o = 27 + u. List the prime factors of o.
2, 3
Let t = 1384 - 984. Suppose 0*d = -4*q - 2*d + t, 3*d - 303 = -3*q. What are the prime factors of q?
3, 11
Let i(q) = q**2 - 18*q - 6. Let t be i(20). Suppose 0 = m - t - 317. List the prime factors of m.
3, 13
Let b(f) be the first derivative of -255*f**2 - 50*f - 87. List the prime factors of b(-1).
2, 5, 23
Suppose -3*w + 12043 = r, -3*r + 44279 - 8192 = -5*w. What are the prime factors of r?
2, 11, 547
Let v(r) = -r**2 - 10*r + 12. Let i be v(-9). List the prime factors of 2884/i + (-2)/(-3).
2, 3, 23
Let f be (4 + -5)/(2/(-54)). Let y be (-18)/f - (-34)/6. Suppose 107 = 2*o + y*j, 2*o - 2*j - 3*j = 137. List the prime factors of o.
61
Suppose g + 64 = -g. What are the prime factors of (-5 + 41)/(-3 - 102/g)?
2, 3
Suppose -6*k + 2067 + 4233 = 0. Suppose 2*f - 520 = -4*o, 4*f + 7*o - k = 9*o. What are the prime factors of f?
2, 131
Let v = 21469 - -25003. List the prime factors of v.
2, 37, 157
Suppose 6 = 3*m - 15. Suppose -36 = -m*o + 8*o. Let d = o - -38. List the prime factors of d.
2
Let r = 16 + -7. Suppose 6 + r = 5*g. Suppose 18 = 2*y + 2*i, -y + i - 5*i = -g. What are the prime factors of y?
11
Let w(c) = 3*c + 29. Let q be w(-8). Suppose -5*p + l = -1, q*p - 4*l = 6 - 2. Let n(d) = d**2 + d + 24. What are the prime factors of n(p)?
2, 3
Let k(s) = 5*s**2 + 10*s + 15. Suppose 5*l + 15 = -15. List the prime factors of k(l).
3, 5
Let q be -2*(0/6 + -1). Suppose -4*y + 4*f = 280, 0 = 2*y - 5*y - q*f - 190. Let g = 117 + y. What are the prime factors of g?
3, 17
Suppose 0 = -16*l + 12*l. Suppose l = -9*n + 7 + 11. Suppose -n*c - 3*p = -0*p - 83, 0 = -4*c - 2*p + 162. What are the prime factors of c?
2, 5
Let a(f) = 6*f**2 - 8*f + 486. What are the prime factors of a(-30)?
2, 3, 1021
List the prime factors of (17869 - -9 - 16) + -13.
13, 1373
Suppose -5*l - 2 + 3 = -f, 2 = 2*l. Suppose 2*i - 694 = -3*n, -2*n + f*n = 2*i - 694. What are the prime factors of i?
347
Suppose 4*b - 244059 = -55*k + 52*k, 3*k = -b + 244059. List the prime factors of k.
81353
Let f = 620 - -3070. Suppose -4*l = 5*l - f. What are the prime factors of l?
2, 5, 41
Let h(q) = -39*q**2 + 16*q. Let m be h(-1). What are the prime factors of (-1727)/m*(-1 - -6) - -4?
7, 23
Let g(m) = -7*m - m - 66 - m - 3. What are the prime factors of g(-28)?
3, 61
Suppose 13*p = 9*p - 216. Let o be (2/4)/(3/534). Let y = p 